base 6.
-312125
What is 7d8 (base 14) in base 12?
aa2
Convert -2020 (base 7) to base 9.
-857
-363 (base 8) to base 2
-11110011
What is -3b90 (base 15) in base 8?
-30677
71 (base 15) to base 2
1101010
Convert -1c95 (base 15) to base 7.
-24056
Convert -552 (base 9) to base 11.
-381
What is -30301 (base 4) in base 11?
-683
16c5c (base 13) to base 9
66130
3871 (base 11) to base 5
130124
Convert -8d4 (base 14) to base 8.
-3332
Convert 1310231 (base 4) to base 8.
16455
Convert 7217 (base 8) to base 7.
13603
-240b (base 14) to base 11
-47a2
What is -3404 (base 6) in base 7?
-2215
b5b0 (base 12) to base 5
1113420
Convert 4079 (base 11) to base 7.
21526
8661 (base 12) to base 13
6946
416 (base 12) to base 8
1122
Convert 144 (base 5) to base 8.
61
-213130 (base 5) to base 15
-2260
What is 3a4 (base 11) in base 5?
3402
21350 (base 6) to base 3
11001010
Convert 27220 (base 8) to base 6.
131104
Convert -44 (base 6) to base 5.
-103
What is -5233 (base 7) in base 3?
-2112001
What is 22322110 (base 4) in base 14?
12404
What is 667 (base 10) in base 9?
821
Convert -404 (base 8) to base 12.
-198
What is 1251 (base 7) in base 9?
580
Convert 1128 (base 13) to base 4.
211200
Convert 38568 (base 9) to base 5.
1312412
-74 (base 16) to base 2
-1110100
Convert -121122 (base 3) to base 7.
-1211
Convert -5154 (base 6) to base 2.
-10001111110
-17111 (base 8) to base 12
-45a1
What is -2657 (base 12) in base 16?
-1123
10100011 (base 2) to base 8
243
What is -5c63 (base 15) in base 9?
-28873
What is -847 (base 15) in base 8?
-3513
Convert -4d07 (base 14) to base 10.
-13531
What is 1351 (base 6) in base 12?
257
-3633 (base 10) to base 14
-1477
What is 663 (base 10) in base 4?
22113
What is -b3d (base 14) in base 16?
-8a3
Convert -233002 (base 6) to base 16.
-4e7a
Convert 21132 (base 4) to base 13.
378
263046 (base 7) to base 12
244a3
Convert 309 (base 13) to base 9.
633
-20376 (base 9) to base 7
-54111
What is 614 (base 11) in base 8?
1345
Convert 11a (base 13) to base 16.
c0
123103 (base 4) to base 14
8cb
21211 (base 3) to base 2
11010011
Convert -2756 (base 10) to base 12.
-1718
What is 14d (base 14) in base 15?
12a
Convert -73 (base 10) to base 8.
-111
What is -24406 (base 9) in base 14?
-5d72
45205 (base 6) to base 13
2b6a
Convert -2b7 (base 16) to base 10.
-695
-3c94 (base 15) to base 9
-18704
Convert 211201012 (base 3) to base 12.
96b8
What is 24643 (base 7) in base 13?
2c5c
What is 174 (base 16) in base 15?
19c
What is -a88 (base 13) in base 6?
-12202
-7116 (base 11) to base 10
-9455
Convert -1266 (base 11) to base 14.
-857
Convert -725a (base 12) to base 15.
-3a54
Convert 121210 (base 3) to base 11.
382
Convert -26770 (base 8) to base 11.
-8929
What is -100011101010 (base 2) in base 8?
-4352
1a59 (base 11) to base 8
5055
Convert -5483 (base 9) to base 7.
-14535
6212 (base 11) to base 15
2696
-302a1 (base 11) to base 6
-540552
-1012120 (base 3) to base 7
-2364
What is 3512 (base 10) in base 6?
24132
-14251 (base 8) to base 12
-37a1
-17d8 (base 16) to base 13
-2a17
-21222110 (base 3) to base 11
-4409
10312 (base 4) to base 12
21a
What is -200112 (base 6) in base 5?
-444341
Convert -15bb (base 14) to base 12.
-2301
What is -30 (base 16) in base 12?
-40
55a4 (base 12) to base 5
300414
What is 14489 (base 13) in base 5?
2210023
1dc8 (base 15) to base 11
4969
Convert 3336 (base 7) to base 14.
61d
Convert 1376 (base 10) to base 11.
1041
Convert 11880 (base 11) to base 2.
100001010000100
4386 (base 9) to base 5
100422
Convert 9701 (base 10) to base 5.
302301
Convert -5440 (base 6) to base 7.
-3432
What is 2310233 (base 4) in base 13?
535a
What is -46519 (base 11) in base 6?
-1234555
Convert 7b (base 16) to base 5.
443
Convert -76 (base 11) to base 10.
-83
Convert 203021 (base 4) to base 7.
6362
What is -123323 (base 5) in base 12?
-2972
15036 (base 12) to base 15
8ab3
Convert -131a9 (base 11) to base 5.
-1100444
What is 33233 (base 5) in base 2?
100100001110
110200020 (base 3) to base 13
428a
2bd (base 14) to base 3
202201
174b (base 12) to base 3
10211112
-5db (base 15) to base 16
-533
Convert 154 (base 12) to base 5.
1313
11010112 (base 3) to base 8
5703
What is -2435 (base 7) in base 13?
-54b
313340 (base 5) to base 4
2203212
What is -112555 (base 6) in base 16?
-25f7
What is -101010011 (base 2) in base 9?
-416
Convert 1111220 (base 4) to base 10.
5480
-10111101001010 (base 2) to base 4
-2331022
Convert 2212 (base 11) to base 14.
10c5
Convert 200110112 (base 3) to base 9.
20415
-86bb (base 13) to base 2
-100100100111000
9aa6 (base 11) to base 4
3033321
Convert -2d1c (base 14) to base 13.
-3892
-233324 (base 5) to base 7
-34020
Convert 2798 (base 14) to base 12.
406a
Convert -11001100101110 (base 2) to base 15.
-3d37
What is 1002 (base 4) in base 8?
102
-365 (base 10) to base 16
-16d
What is 33 (base 10) in base 4?
201
What is 8877 (base 10) in base 6?
105033
Convert -202201211 (base 3) to base 16.
-3b0b
54 (base 10) to base 2
110110
20121110 (base 3) to base 15
1663
Convert -1a1 (base 13) to base 2.
-100101100
Convert -11122101 (base 3) to base 12.
-1b61
Convert d1 (base 14) to base 2.
10110111
What is bcd (base 16) in base 7?
11544
Convert -22200 (base 3) to base 16.
-ea
Convert -32b (base 16) to base 12.
-577
Convert 14b8 (base 12) to base 3.
10100112
What is -1a (base 13) in base 11?
-21
What is -277 (base 15) in base 4?
-20302
What is -1af9 (base 16) in base 7?
-26063
Convert -13023 (base 5) to base 16.
-3f5
-12121 (base 4) to base 2
-110011001
Convert 1011 (base 5) to base 6.
335
Convert 111222 (base 3) to base 2.
101111001
What is 172a4 (base 11) in base 10?
24314
35 (base 11) to base 2
100110
What is 10877 (base 12) in base 15?
67a4
What is 67 (base 15) in base 8?
141
2cd (base 14) to base 5
4243
Convert 1122211210 (base 3) to base 5.
2021231
What is -1110321 (base 4) in base 7?
-21561
26a7 (base 11) to base 9
4724
Convert -561 (base 7) to base 4.
-10200
What is -8448 (base 14) in base 16?
-5910
Convert -6aa6 (base 11) to base 13.
-4314
-294d (base 16) to base 13
-4a74
What is 4831 (base 12) in base 16?
1fa5
Convert -20332 (base 4) to base 11.
-482
Convert 13011 (base 6) to base 2.
11110011111
What is 13523 (base 7) in base 8?
7154
Convert -12066 (base 7) to base 4.
-300333
Convert 1010111110 (base 2) to base 14.
382
Convert 11201112 (base 3) to base 14.
137d
What is 1320113 (base 4) in base 7?
31313
Convert -12002 (base 6) to base 13.
-a31
Convert -6125 (base 9) to base 3.
-20010212
-15172 (base 9) to base 15
-3102
What is 728 (base 13) in base 6?
5345
-10133330 (base 4) to base 13
-8507
Convert -1001101111 (base 2) to base 14.
-327
Convert -57 (base 15) to base 12.
-6a
What is -11606 (base 9) in base 12?
-4606
What is 3122304 (base 5) in base 6?
1034443
Convert -1507 (base 8) to base 13.
-4c7
-6201 (base 7) to base 13
-c9c
-2342002 (base 5) to base 10
-43377
23233110 (base 4) to base 10
48084
Convert -111000111 (base 2) to base 14.
-247
Convert 6d7 (base 14) to base 13.
810
221362 (base 7) to base 14
102a2
What is -5330 (base 7) in base 11?
-1462
Convert 100a8 (base 11) to base 10.
14759
-251445 (base 6) to base 12
-10b85
-5256 (base 7) to base 16
-73e
1739 (base 13) to base 9
4628
What is -101253 (base 6) in base 16?
-1fa1
What is -c0 (base 14) in base 3?
-20020
What is 1351 (base 11) in base 10?
1750
What is -302a (base 12) in base 11?
-3a14
Convert -361e (base 15) to base 4.
-2303300
2d21 (base 16) to base 9
16756
What is -211022 (base 3) in base 13?
-374
What is -4618 (base 9) in base 10?
-3419
What is 960 (base 10) in base 6?
4240
What is -22111112 (base 3) in base 7?
-24032
Convert -10101210022 (base 3) to base 16.
-10562
What is -1783 (base 16) in base 11?
-4582
What is -2c05 (base 13) in base 4?
-1210123
-54013 (base 7) to base 14
-4c43
What is 23361 (base 8) in base 14?
38c1
Convert -28 (base 14) to base 12.
-30
Convert -11001110111101 (base 2) to base 14.
-4b81
Convert 50a4 (base 13) to base 11.
8399
What is 1001011001111 (base 2) in base 15?
1660
-12 (base 11) to base 16
-d
Convert 2a5 (base 16) to base 8.
1245
67a5 (base 15) to base 9
33132
43a7 (base 11) to base 14
2188
Convert -53500 (base 7) to base 12.
-7827
Convert 1121213 (base 5) to base 10.
20183
Convert -28c (base 14) to base 11.
-42a
What is 1170 (base 11) in base 8?
2771
What is 120122